 2/(-13) + -1*168/(-78). Let d(g) be the first derivative of -2*g + g**3 - 1/4*g**4 - 4 + t*g**2. What is d(3)?
10
Suppose 0 = p - 0*p + 3*j - 2, -4*p + 4*j - 24 = 0. Let v(i) be the first derivative of -i**3/3 - 2*i**2 - 2*i - 3. Calculate v(p).
-2
Let o(h) = 5*h + 16. Let w(g) = g + 3. Let f(q) = 2*o(q) - 11*w(q). Let t = -6 + 10. Give f(t).
-5
Suppose -2*b = 2*b - 4*c - 32, 4*b - 4 = -3*c. Let l(y) be the second derivative of -y**5/20 + y**4/3 + y**3/6 - 5*y**2/2 - 3*y. Calculate l(b).
-1
Let p = 2471 + -2488. Let b(l) = l**2 + 18*l + 23. Determine b(p).
6
Suppose 330 = 37*x + 71. Let j(i) be the second derivative of -i**4/12 + 7*i**3/6 + i**2/2 + i. Give j(x).
1
Suppose 2*b + 2*m = b - 4, 2*b + 5*m + 13 = 0. Let a(y) = -3*y**2 + 22*y**2 + 3 - 12*y**2. Let r(i) = 6*i**2 - i + 3. Let o(n) = 5*a(n) - 6*r(n). What is o(b)?
-3
Let p be (-4)/(-10) + 21/(-15). Let x(i) = 323 - i - 20*i**2 - 2*i + 365 - 687 + 4*i. What is x(p)?
-20
Let f(q) = -2*q + 3*q**2 + 102 - q**3 - q - 102. Let h = -8 + 10. What is f(h)?
-2
Let p(t) = -3*t + 5. Let h(m) = 2*m**2 - 69*m - 25. Let r be h(35). Give p(r).
-25
Let r(a) = -3*a - 1. Suppose -5*g - 4*z - 5 = 0, -5*z - 5 = -0*g + 5*g. Let m be r(g). Let b(s) = -4*s + m*s + 3*s + 3. Calculate b(3).
6
Let k(a) = -4*a**2 - 2 + 8*a**2 + 0*a**2 + 85*a - 86*a. What is k(2)?
12
Let b(j) = 4*j + 2. Let p be (-5 - (-4 + -3))*141/(-6). Let s = p + 43. What is b(s)?
-14
Let z(v) be the second derivative of v**3/6 + 7*v**2/2 + 2*v + 17. Let o(l) = 3*l - 17. Let c be o(4). What is z(c)?
2
Let t = 73 + -68. Let b(s) be the first derivative of -1/2*s**2 + t - s. Give b(-4).
3
Let w = -9288 + 9292. Let d(p) be the first derivative of -p**4/4 + p**3 + p**2 + 2*p + 1. Give d(w).
-6
Suppose -x = -5*p + 30, 0*x - 5 = p + 2*x. Let s(r) = 4*r**2 - r**3 + 4*r - 8 - 5 + 20 - 4. Determine s(p).
-2
Let v(t) = -15*t**2 + t. Let d(m) = -16*m**2 + m. Let z(u) = 5*d(u) - 6*v(u). Let p be (-32)/26 - 69/(-299). Calculate z(p).
11
Suppose -4*d + 5*a + 28 = 0, 0*d - 2*a = -d + 10. Suppose 0 = d*s - 4*s. Let c(n) = 12*n + n**2 - 14*n + s*n**2. What is c(3)?
3
Let p(j) = -j**3 - 6*j**2 - 3. Suppose 9*n - 120 = -174. Calculate p(n).
-3
Suppose 9 = 3*k - 0*k. Let n = 42 - 40. Let l(i) = -i**2 + 4*i**3 - 5*i**3 + 4*i**n. What is l(k)?
0
Let w(g) = -2832*g**3 + 943*g**3 + 3 + 13*g - 4*g**2 + 944*g**3 + 944*g**3 - 6*g. Let d = 1 + -1. Suppose 3*c - c + 10 = d. Determine w(c).
-7
Let g(r) be the second derivative of r**4/3 - r**3/6 + r**2 + 12*r - 20. Give g(3).
35
Let o(p) = -p - 7. Let k(y) = y + 8. Let z(n) = 3*k(n) + 4*o(n). Suppose 30 = 3*f + 3*v, -2*f = -3*v + 19 - 4. What is z(f)?
-7
Let v(s) be the second derivative of 5/2*s**2 + 0 + 6*s + 1/3*s**3. Suppose 3*j + 5 = -4*u + 1, -3*u + 2*j - 20 = 0. Determine v(u).
-3
Let s(h) = 0*h**2 - 2*h**2 - 69*h + 4*h**2 - 2 - 7*h**2 + 68*h - h**3. What is s(-4)?
-14
Let l be (4/6 - 0)*3. Suppose l - 6 = -2*h. Let g(s) = 6*s - 33. Let p(d) = -5*d + 25. Let q(b) = -3*g(b) - 4*p(b). Determine q(h).
3
Let o(b) be the second derivative of b**6/120 + b**5/15 + b**4/8 - 2*b**3/3 - 27*b**2 + 2*b + 2. Let g(n) be the first derivative of o(n). Determine g(-3).
-4
Let r(y) = y**3 + 15*y**2 - 3. Let v = 670 - 685. Give r(v).
-3
Let s(n) be the third derivative of -n**6/120 - 2*n**5/15 - 5*n**4/24 - 2*n**3/3 + 24*n**2. Determine s(-8).
36
Let q(f) = 1 - 4*f - 5*f - 5*f**3 - 10*f**2 - 2*f. Let a(r) = -14*r**3 - 29*r**2 - 32*r + 3. Let d(m) = -6*a(m) + 17*q(m). Determine d(4).
19
Let n(p) = 23*p**3 + 3*p**2 + 5*p + 6. Let c(x) = -33*x**3 - 3*x**2 - 6*x - 8. Let m(o) = 2*c(o) + 3*n(o). Give m(-2).
-16
Let w(p) = p. Let h(n) = 14*n - 4 - 14*n - n**3. Let l(f) = h(f) - w(f). Calculate l(0).
-4
Let k = 2 - -1. Let l be (-405)/(-225) + (-8)/10. Let t(r) = -5 + 3 + 6*r**2 - 7*r + l - r**k + 4. Give t(5).
-7
Suppose 5*v - 10 = 5*o, o - 3*v + 6 = 2*v. Let d = 3 + o. Let b(s) = -10*s**2 + 12*s**2 + s - d - 2*s. What is b(2)?
4
Let p(g) = 5*g**2 - 270381*g + 270388*g - 4*g**2 + 4. Determine p(-7).
4
Let b(r) = -2*r + 11. Let d(j) = -3*j**3 + 21*j**2 - j + 14. Let w be d(7). Give b(w).
-3
Let y(q) = -2*q - 10. Let g = 850 - 857. Calculate y(g).
4
Suppose -23 = -5*j - 13. Let q(b) = -6*b - 10*b**2 + 10 - 10*b**j + 19*b**2. Determine q(-8).
-6
Let g(p) = -1 - 40*p**2 - 6*p + p**3 + 19*p**2 + 26*p**2. Determine g(-6).
-1
Let p(f) = -f**2 + 2*f - 4. Suppose -2*n - 5*d = 35, 0 = 3*n - 6*d + 9*d + 75. Let m be n/12 - (-1)/(-2). What is p(m)?
-19
Suppose 0 = 41*y - 36*y - 5. Let i(k) = -2*k - 9 + 7 + y + 3*k. Let n = -12 + 8. Give i(n).
-5
Let h(u) = -u**3 - 7*u**2 - 4*u + 1. Let j(r) = r**2 - 4*r - 2. Let v(m) = 8*m**2 - m + 1. Let z be v(1). Let s be j(z). Suppose s = x - 6*x. Calculate h(x).
-11
Suppose -74*k = -59*k - 240. Let m(h) = h**3 - 15*h**2 - 15*h - 16. Give m(k).
0
Suppose 0 = 7*w - 2*w - 30. Suppose 3*l = -w + 21. Suppose -20 = -5*y + l*q, 0 = -2*q + 3*q + 5. Let c(z) = -4*z**2 + z. Determine c(y).
-5
Let r(z) = 25*z**3 + 16*z**2 + 19*z - 18. Let c(a) = 9*a**3 + 5*a**2 + 7*a - 6. Let q(h) = -11*c(h) + 4*r(h). Calculate q(-9).
3
Let y(z) = 13*z + 2. Let h be (-1)/6 + (-2)/(-12). Suppose 2*m + k = h, 0 - 2 = 3*m + k. Calculate y(m).
-24
Let a(g) = 9*g - 5 + 4 - 11*g**2 + 12*g**2. Calculate a(-7).
-15
Let r(k) be the second derivative of k**3/6 - k**2/2 - 645*k. Give r(-11).
-12
Let d(j) = j**3 - 5*j**2 - 9*j + 8. Suppose -a - 12 = -y, -3*y + 0*y - 3*a + 24 = 0. Let f = 16 - y. What is d(f)?
-10
Let u be 6/1*3/(-2) + -2. Let r(q) be the first derivative of -q**2/2 - 12*q + 2. What is r(u)?
-1
Let i(t) = 2*t - 5. Let x be i(5). Let u(d) = 3*d**3 - 4*d**2 + 4*d + 2. Let q(n) = -4*n**3 + 6*n**2 - 4*n - 3. Let k(p) = 4*q(p) + 5*u(p). Determine k(x).
-7
Let y be (0 - 1*-11) + (-54)/18. Let r(v) = 8*v - 17 + 3 + y. What is r(4)?
26
Let u be 5/2*(-12)/(-10). Let r(o) = 1 - 3*o**3 + 2*o + 2*o**3 + 0*o + o**2 + 0*o**2 + 2. Determine r(u).
-9
Suppose -h + 3 = 0, -2*u + h + 3 = -0*u. Let t = -2 - -2. Suppose -4*w + u*w - 2 = t. Let z(r) = 5*r + 3. Calculate z(w).
-7
Let i(m) = 4*m**2 - 11*m. Let q(s) = -7*s**2 + 20*s. Let g(f) = 5*i(f) + 3*q(f). Let u be g(3). Let d(x) = -x + 7. Determine d(u).
1
Let z(v) be the second derivative of v**4/12 + v**3/6 + v**2/2 - 60*v. Determine z(0).
1
Let g(t) = 5 + 2*t - 6*t - 9*t**2 - t**3 + 2*t**2. Let f(b) = 5*b**3 - b**2 + 8*b + 8. Let a be f(-1). Calculate g(a).
-7
Let x = 17 - 16. Suppose 4*u - x = -25. Let m(o) = -o**2 - 6*o + 7. What is m(u)?
7
Let j(w) be the third derivative of w**4/24 + 11*w**3/6 - w**2. Suppose 53 = 6*h + 5. Let s be 6/4*(-16)/(h + -4). Determine j(s).
5
Let q(t) = 2*t + 7. Suppose 5*s - 23 = -3. Suppose 0 = n + n + 5*m + 27, -s*n - 9 = -5*m. What is q(n)?
-5
Suppose 2*f - s + 5 = 0, 0 = -4*f - s + 1 - 20. Let y(x) be the second derivative of -x**5/20 - 5*x**4/12 - x**3/6 + 5*x**2/2 - 2*x. What is y(f)?
-7
Let c(u) be the second derivative of -2*u**3/3 + 5*u**2/2 - 67*u. Determine c(2).
-3
Let n(b) be the first derivative of -b**4/4 - 5*b**3/3 - 5*b**2/2 - 5*b - 57. Suppose 2*c - 144 = -c. Let y be (c/9)/4*-3. What is n(y)?
-1
Let p be ((-6)/(-18))/(3/(-9)) - -2. Let h(d) be the third derivative of 11*d**5/60 + d**4/24 - d**3/6 - d**2. What is h(p)?
11
Let w(d) = -28*d + 63*d - 26 - 34*d. Determine w(0).
-26
Let k = -6 - -12. Suppose -k - 4 = 2*t. Let p(b) = -67*b + 2 + 35*b**2 - b**3 + 73*b - 39*b**2. Determine p(t).
-3
Let y(p) be the first derivative of p**3/3 - 3*p**2/2 - 3*p + 51. Let j = -15 - -13. Determine y(j).
7
Let y = -7 + 15. Let j(u) = 11*u**2 - 3*u + 5. Let k(p) = -7*p**2 + 2*p - 3. Let h(w) = y*k(w) + 5*j(w). Let d be (2/(-6))/(8/24). Calculate h(d).
-1
Let f(v) = 4*v - 1. Let d(y) = -y**2 - 19*y - 3. Let l be d(-19). Let a(q) = -3*q. Let c(j) = l*a(j) - 2*f(j). Give c(-2).
0
Let r(j) = -j**3 + j**2 + 2*j - 2. Let y(g) = g**3 + 6*g**2 - 11*g + 4. Let a(h) = -2*r(h) - y(h). Calculate a(7).
0
Let m(p) = 4*p + 2. Let a(w) = w**3 + 55*w**2 + w + 57. Let q be a(-55). Determine m(q).
10
Let a be (-100)/(-30)*6/(-5). Let r(t) = t**3 + 5*t**2 + 5*t + 6. Let o be r(a). Let u(k) = 1 + 28*k**o - 22*k**2 - 3*k + 2*k. What is u(1)?
6
Let c(m) = -m**3 - 4*m**2 + 1. Let h(w) = w**2 - 12*w - 30. Let q be h(15). Suppose -3*f = q, 2*i + 3*i + 10 = 2*f. Give c(i).
1
Let j(g) be th